{"id":66341,"date":"2025-06-27T09:58:00","date_gmt":"2025-06-27T09:58:00","guid":{"rendered":"https:\/\/psicologiadeapie.com\/?page_id=66341"},"modified":"2025-06-27T10:00:39","modified_gmt":"2025-06-27T10:00:39","slug":"terapias-de-medicina-emocional","status":"publish","type":"page","link":"https:\/\/psicologiadeapie.es\/?page_id=66341","title":{"rendered":"Terapias de Medicina Emocional"},"content":{"rendered":"\n<p><br><\/p>\n\n\n\n<h1 class=\"wp-block-heading\">Terapias de Medicina Emocional<\/h1>\n\n\n\n<figure class=\"wp-block-image size-full\"><img fetchpriority=\"high\" decoding=\"async\" width=\"512\" height=\"512\" src=\"https:\/\/psicologiadeapie.es\/wp-content\/uploads\/2025\/06\/terapia-holistica-min.jpg\" alt=\"\" class=\"wp-image-66344\" srcset=\"https:\/\/psicologiadeapie.es\/wp-content\/uploads\/2025\/06\/terapia-holistica-min.jpg 512w, https:\/\/psicologiadeapie.es\/wp-content\/uploads\/2025\/06\/terapia-holistica-min-300x300.jpg 300w, https:\/\/psicologiadeapie.es\/wp-content\/uploads\/2025\/06\/terapia-holistica-min-150x150.jpg 150w, https:\/\/psicologiadeapie.es\/wp-content\/uploads\/2025\/06\/terapia-holistica-min-370x370.jpg 370w, https:\/\/psicologiadeapie.es\/wp-content\/uploads\/2025\/06\/terapia-holistica-min-120x120.jpg 120w, https:\/\/psicologiadeapie.es\/wp-content\/uploads\/2025\/06\/terapia-holistica-min-410x410.jpg 410w\" sizes=\"(max-width: 600px) 100vw, 512px\" \/><\/figure>\n\n\n\n<p>Cl\u00ednicamente se ha comprobado que muchas enfermedades son creadas por el sistema inmune que se suprime o deprime, desde el c\u00e1ncer a la esclerosis m\u00faltiple, artritis reumatoide, diabetes tipo 1, miastenia grave, lupus, alergias alimentarias, sensibilidades alimentarias\u2026 Son causadas por un sistema inmune debilitado que hace propensa la enfermedad en una persona y que pase m\u00e1s tiempo enfermo.<\/p>\n\n\n\n<p>La Medicina Emocional es una medicina complementaria (de acuerdo a la OMS) que se centra en recuperar el equilibrio emocional y f\u00edsico, reduciendo la sintomatolog\u00eda de las enfermedades. La estimulaci\u00f3n de los sistemas inmunol\u00f3gico, endocrino y nervioso del cuerpo humano permite que la salud, de cualquier persona, pueda restablecerse sin importar cu\u00e1l sea la enfermedad.<\/p>\n\n\n\n<a href=\"https:\/\/api.whatsapp.com\/send?phone=34638876674\"\n   style=\"background-color: #748578; color: #fff; padding: 12px 24px; text-decoration: none; border-radius: 6px; display: inline-block; font-weight: bold; transition: background-color 0.3s ease;\">\n   Pide cita\n<\/a>\n\n\n\n<h2 class=\"wp-block-heading\">\u00bfC\u00f3mo funciona la terapia emocional?<\/h2>\n\n\n\n<p>La mayor\u00eda de las personas viven el 70% del tiempo de su vida estresados, sobreviviendo.<\/p>\n\n\n\n<p>\u00bfCuando est\u00e1s bajo estr\u00e9s has notado que sigues pensando en el mismo problema una y otra vez?<\/p>\n\n\n\n<p>Los factores estresantes, bien sean f\u00edsicos, qu\u00edmicos o emocionales, golpean tu cerebro y cuerpo y los desequilibran. El estr\u00e9s es la respuesta que tu cuerpo de forma innata utiliza para volver al estado de equilibrio.<\/p>\n\n\n\n<p>Identificamos los diferentes tipos de estr\u00e9s, sus efectos a largo plazo y c\u00f3mo ha creado y puede crear enfermedades en tu cuerpo.<\/p>\n\n\n\n<p>Se llama <strong>estado de \u00e1nimo<\/strong> cuando, al reaccionar a algo o a alguien, generas una reacci\u00f3n emocional, y si no sabes c\u00f3mo regular o detener esta reacci\u00f3n, la mantienes durante horas o d\u00edas.<\/p>\n\n\n\n<p>La terapia emocional balancea el estado de \u00e1nimo y permite a la persona gestionar los problemas que le desestabilizan, logrando con ello un mayor bienestar emocional. El abordaje de las emociones facilita tambi\u00e9n poder crear un clima de mayor intimidad, hablar con confianza y libertad, liberando las emociones negativas como resultado de las experiencias, sentimientos y emociones propias.<\/p>\n\n\n\n<h2 class=\"wp-block-heading\">\u00bfEn qu\u00e9 consiste?<\/h2>\n\n\n\n<p>No es posible controlar todo lo que ocurre en tu vida o en el mundo exterior, pero s\u00ed es posible aprender a conocerte a ti mismo y a tu mundo interno de pensamientos y sentimientos para poder canalizarlos de otra manera.<\/p>\n\n\n\n<p>La terapia emocional tiene el objetivo de cambiar los patrones emocionales de las personas, centr\u00e1ndose en la forma de captar, procesar y expresar sus emociones.<\/p>\n\n\n\n<a href=\"https:\/\/api.whatsapp.com\/send?phone=34638876674\"\n   style=\"background-color: #748578; color: #fff; padding: 12px 24px; text-decoration: none; border-radius: 6px; display: inline-block; font-weight: bold; transition: background-color 0.3s ease;\">\n   Pide cita\n<\/a>\n","protected":false},"excerpt":{"rendered":"<p>Terapias de Medicina Emocional Cl\u00ednicamente se ha comprobado que muchas enfermedades son creadas por el sistema inmune que se suprime o deprime, desde el c\u00e1ncer a la esclerosis m\u00faltiple, artritis&hellip;<\/p>\n","protected":false},"author":1,"featured_media":0,"parent":0,"menu_order":0,"comment_status":"closed","ping_status":"closed","template":"","meta":{"footnotes":""},"class_list":["post-66341","page","type-page","status-publish","hentry"],"yoast_head":"<!-- This site is optimized with the Yoast SEO plugin v27.4 - https:\/\/yoast.com\/product\/yoast-seo-wordpress\/ -->\n<title>Terapias de Medicina Emocional - Psicolog\u00eda de A Pie | Terapia en Valencia | Tratamiento de Adicciones | Psic\u00f3logo Valencia<\/title>\n<meta name=\"robots\" content=\"index, follow, max-snippet:-1, max-image-preview:large, max-video-preview:-1\" \/>\n<link rel=\"canonical\" href=\"https:\/\/psicologiadeapie.es\/?page_id=66341\" \/>\n<meta property=\"og:locale\" content=\"es_ES\" \/>\n<meta property=\"og:type\" content=\"article\" \/>\n<meta property=\"og:title\" content=\"Terapias de Medicina Emocional - Psicolog\u00eda de A Pie | Terapia en Valencia | Tratamiento de Adicciones | Psic\u00f3logo Valencia\" \/>\n<meta property=\"og:description\" content=\"Terapias de Medicina Emocional Cl\u00ednicamente se ha comprobado que muchas enfermedades son creadas por el sistema inmune que se suprime o deprime, desde el c\u00e1ncer a la esclerosis m\u00faltiple, artritis&hellip;\" \/>\n<meta property=\"og:url\" content=\"https:\/\/psicologiadeapie.es\/?page_id=66341\" \/>\n<meta property=\"og:site_name\" content=\"Psicolog\u00eda de A Pie | Terapia en Valencia | Tratamiento de Adicciones | Psic\u00f3logo Valencia\" \/>\n<meta property=\"article:publisher\" content=\"https:\/\/www.facebook.com\/eva.albamartinez\" \/>\n<meta property=\"article:modified_time\" content=\"2025-06-27T10:00:39+00:00\" \/>\n<meta property=\"og:image\" content=\"https:\/\/psicologiadeapie.es\/wp-content\/uploads\/2025\/06\/terapia-holistica-min.jpg\" \/>\n<meta name=\"twitter:card\" content=\"summary_large_image\" \/>\n<meta name=\"twitter:label1\" content=\"Tiempo de lectura\" \/>\n\t<meta name=\"twitter:data1\" content=\"2 minutos\" \/>\n<script type=\"application\/ld+json\" class=\"yoast-schema-graph\">{\"@context\":\"https:\\\/\\\/schema.org\",\"@graph\":[{\"@type\":\"WebPage\",\"@id\":\"https:\\\/\\\/psicologiadeapie.es\\\/?page_id=66341\",\"url\":\"https:\\\/\\\/psicologiadeapie.es\\\/?page_id=66341\",\"name\":\"Terapias de Medicina Emocional - Psicolog\u00eda de A Pie | Terapia en Valencia | Tratamiento de Adicciones | Psic\u00f3logo Valencia\",\"isPartOf\":{\"@id\":\"https:\\\/\\\/psicologiadeapie.es\\\/#website\"},\"primaryImageOfPage\":{\"@id\":\"https:\\\/\\\/psicologiadeapie.es\\\/?page_id=66341#primaryimage\"},\"image\":{\"@id\":\"https:\\\/\\\/psicologiadeapie.es\\\/?page_id=66341#primaryimage\"},\"thumbnailUrl\":\"https:\\\/\\\/psicologiadeapie.es\\\/wp-content\\\/uploads\\\/2025\\\/06\\\/terapia-holistica-min.jpg\",\"datePublished\":\"2025-06-27T09:58:00+00:00\",\"dateModified\":\"2025-06-27T10:00:39+00:00\",\"breadcrumb\":{\"@id\":\"https:\\\/\\\/psicologiadeapie.es\\\/?page_id=66341#breadcrumb\"},\"inLanguage\":\"es\",\"potentialAction\":[{\"@type\":\"ReadAction\",\"target\":[\"https:\\\/\\\/psicologiadeapie.es\\\/?page_id=66341\"]}]},{\"@type\":\"ImageObject\",\"inLanguage\":\"es\",\"@id\":\"https:\\\/\\\/psicologiadeapie.es\\\/?page_id=66341#primaryimage\",\"url\":\"https:\\\/\\\/psicologiadeapie.es\\\/wp-content\\\/uploads\\\/2025\\\/06\\\/terapia-holistica-min.jpg\",\"contentUrl\":\"https:\\\/\\\/psicologiadeapie.es\\\/wp-content\\\/uploads\\\/2025\\\/06\\\/terapia-holistica-min.jpg\",\"width\":512,\"height\":512},{\"@type\":\"BreadcrumbList\",\"@id\":\"https:\\\/\\\/psicologiadeapie.es\\\/?page_id=66341#breadcrumb\",\"itemListElement\":[{\"@type\":\"ListItem\",\"position\":1,\"name\":\"Portada\",\"item\":\"https:\\\/\\\/psicologiadeapie.es\\\/\"},{\"@type\":\"ListItem\",\"position\":2,\"name\":\"Terapias de Medicina Emocional\"}]},{\"@type\":\"WebSite\",\"@id\":\"https:\\\/\\\/psicologiadeapie.es\\\/#website\",\"url\":\"https:\\\/\\\/psicologiadeapie.es\\\/\",\"name\":\"Psicolog\u00eda de A Pie | Terapia en Valencia | Tratamiento de Adicciones | Psic\u00f3logo Valencia\",\"description\":\"Psicolog\u00eda de A Pie en Valencia ofrece terapia profesional para adicciones al cannabis, coca\u00edna, alcohol, juego y sexo. Atenci\u00f3n personalizada en Avenida de los Hermanos Maristas. Contacta al +34 638 876 674 o info@psicologiadeapie.com.\",\"publisher\":{\"@id\":\"https:\\\/\\\/psicologiadeapie.es\\\/#organization\"},\"alternateName\":\"Psicolog\u00eda de A Pie\",\"potentialAction\":[{\"@type\":\"SearchAction\",\"target\":{\"@type\":\"EntryPoint\",\"urlTemplate\":\"https:\\\/\\\/psicologiadeapie.es\\\/?s={search_term_string}\"},\"query-input\":{\"@type\":\"PropertyValueSpecification\",\"valueRequired\":true,\"valueName\":\"search_term_string\"}}],\"inLanguage\":\"es\"},{\"@type\":\"Organization\",\"@id\":\"https:\\\/\\\/psicologiadeapie.es\\\/#organization\",\"name\":\"Psicolog\u00eda de A Pie | Terapia en Valencia | Tratamiento de Adicciones | Psic\u00f3logo Valencia\",\"alternateName\":\"Psicolog\u00eda de A Pie\",\"url\":\"https:\\\/\\\/psicologiadeapie.es\\\/\",\"logo\":{\"@type\":\"ImageObject\",\"inLanguage\":\"es\",\"@id\":\"https:\\\/\\\/psicologiadeapie.es\\\/#\\\/schema\\\/logo\\\/image\\\/\",\"url\":\"https:\\\/\\\/psicologiadeapie.es\\\/wp-content\\\/uploads\\\/2025\\\/05\\\/cropped-cropped-logo-png-texto-negro-2.png\",\"contentUrl\":\"https:\\\/\\\/psicologiadeapie.es\\\/wp-content\\\/uploads\\\/2025\\\/05\\\/cropped-cropped-logo-png-texto-negro-2.png\",\"width\":608,\"height\":262,\"caption\":\"Psicolog\u00eda de A Pie | Terapia en Valencia | Tratamiento de Adicciones | Psic\u00f3logo Valencia\"},\"image\":{\"@id\":\"https:\\\/\\\/psicologiadeapie.es\\\/#\\\/schema\\\/logo\\\/image\\\/\"},\"sameAs\":[\"https:\\\/\\\/www.facebook.com\\\/eva.albamartinez\"]}]}<\/script>\n<!-- \/ Yoast SEO plugin. -->","yoast_head_json":{"title":"Terapias de Medicina Emocional - Psicolog\u00eda de A Pie | Terapia en Valencia | Tratamiento de Adicciones | Psic\u00f3logo Valencia","robots":{"index":"index","follow":"follow","max-snippet":"max-snippet:-1","max-image-preview":"max-image-preview:large","max-video-preview":"max-video-preview:-1"},"canonical":"https:\/\/psicologiadeapie.es\/?page_id=66341","og_locale":"es_ES","og_type":"article","og_title":"Terapias de Medicina Emocional - Psicolog\u00eda de A Pie | Terapia en Valencia | Tratamiento de Adicciones | Psic\u00f3logo Valencia","og_description":"Terapias de Medicina Emocional Cl\u00ednicamente se ha comprobado que muchas enfermedades son creadas por el sistema inmune que se suprime o deprime, desde el c\u00e1ncer a la esclerosis m\u00faltiple, artritis&hellip;","og_url":"https:\/\/psicologiadeapie.es\/?page_id=66341","og_site_name":"Psicolog\u00eda de A Pie | Terapia en Valencia | Tratamiento de Adicciones | Psic\u00f3logo Valencia","article_publisher":"https:\/\/www.facebook.com\/eva.albamartinez","article_modified_time":"2025-06-27T10:00:39+00:00","og_image":[{"url":"https:\/\/psicologiadeapie.es\/wp-content\/uploads\/2025\/06\/terapia-holistica-min.jpg","type":"","width":"","height":""}],"twitter_card":"summary_large_image","twitter_misc":{"Tiempo de lectura":"2 minutos"},"schema":{"@context":"https:\/\/schema.org","@graph":[{"@type":"WebPage","@id":"https:\/\/psicologiadeapie.es\/?page_id=66341","url":"https:\/\/psicologiadeapie.es\/?page_id=66341","name":"Terapias de Medicina Emocional - Psicolog\u00eda de A Pie | Terapia en Valencia | Tratamiento de Adicciones | Psic\u00f3logo Valencia","isPartOf":{"@id":"https:\/\/psicologiadeapie.es\/#website"},"primaryImageOfPage":{"@id":"https:\/\/psicologiadeapie.es\/?page_id=66341#primaryimage"},"image":{"@id":"https:\/\/psicologiadeapie.es\/?page_id=66341#primaryimage"},"thumbnailUrl":"https:\/\/psicologiadeapie.es\/wp-content\/uploads\/2025\/06\/terapia-holistica-min.jpg","datePublished":"2025-06-27T09:58:00+00:00","dateModified":"2025-06-27T10:00:39+00:00","breadcrumb":{"@id":"https:\/\/psicologiadeapie.es\/?page_id=66341#breadcrumb"},"inLanguage":"es","potentialAction":[{"@type":"ReadAction","target":["https:\/\/psicologiadeapie.es\/?page_id=66341"]}]},{"@type":"ImageObject","inLanguage":"es","@id":"https:\/\/psicologiadeapie.es\/?page_id=66341#primaryimage","url":"https:\/\/psicologiadeapie.es\/wp-content\/uploads\/2025\/06\/terapia-holistica-min.jpg","contentUrl":"https:\/\/psicologiadeapie.es\/wp-content\/uploads\/2025\/06\/terapia-holistica-min.jpg","width":512,"height":512},{"@type":"BreadcrumbList","@id":"https:\/\/psicologiadeapie.es\/?page_id=66341#breadcrumb","itemListElement":[{"@type":"ListItem","position":1,"name":"Portada","item":"https:\/\/psicologiadeapie.es\/"},{"@type":"ListItem","position":2,"name":"Terapias de Medicina Emocional"}]},{"@type":"WebSite","@id":"https:\/\/psicologiadeapie.es\/#website","url":"https:\/\/psicologiadeapie.es\/","name":"Psicolog\u00eda de A Pie | Terapia en Valencia | Tratamiento de Adicciones | Psic\u00f3logo Valencia","description":"Psicolog\u00eda de A Pie en Valencia ofrece terapia profesional para adicciones al cannabis, coca\u00edna, alcohol, juego y sexo. Atenci\u00f3n personalizada en Avenida de los Hermanos Maristas. Contacta al +34 638 876 674 o info@psicologiadeapie.com.","publisher":{"@id":"https:\/\/psicologiadeapie.es\/#organization"},"alternateName":"Psicolog\u00eda de A Pie","potentialAction":[{"@type":"SearchAction","target":{"@type":"EntryPoint","urlTemplate":"https:\/\/psicologiadeapie.es\/?s={search_term_string}"},"query-input":{"@type":"PropertyValueSpecification","valueRequired":true,"valueName":"search_term_string"}}],"inLanguage":"es"},{"@type":"Organization","@id":"https:\/\/psicologiadeapie.es\/#organization","name":"Psicolog\u00eda de A Pie | Terapia en Valencia | Tratamiento de Adicciones | Psic\u00f3logo Valencia","alternateName":"Psicolog\u00eda de A Pie","url":"https:\/\/psicologiadeapie.es\/","logo":{"@type":"ImageObject","inLanguage":"es","@id":"https:\/\/psicologiadeapie.es\/#\/schema\/logo\/image\/","url":"https:\/\/psicologiadeapie.es\/wp-content\/uploads\/2025\/05\/cropped-cropped-logo-png-texto-negro-2.png","contentUrl":"https:\/\/psicologiadeapie.es\/wp-content\/uploads\/2025\/05\/cropped-cropped-logo-png-texto-negro-2.png","width":608,"height":262,"caption":"Psicolog\u00eda de A Pie | Terapia en Valencia | Tratamiento de Adicciones | Psic\u00f3logo Valencia"},"image":{"@id":"https:\/\/psicologiadeapie.es\/#\/schema\/logo\/image\/"},"sameAs":["https:\/\/www.facebook.com\/eva.albamartinez"]}]}},"_links":{"self":[{"href":"https:\/\/psicologiadeapie.es\/index.php?rest_route=\/wp\/v2\/pages\/66341","targetHints":{"allow":["GET"]}}],"collection":[{"href":"https:\/\/psicologiadeapie.es\/index.php?rest_route=\/wp\/v2\/pages"}],"about":[{"href":"https:\/\/psicologiadeapie.es\/index.php?rest_route=\/wp\/v2\/types\/page"}],"author":[{"embeddable":true,"href":"https:\/\/psicologiadeapie.es\/index.php?rest_route=\/wp\/v2\/users\/1"}],"replies":[{"embeddable":true,"href":"https:\/\/psicologiadeapie.es\/index.php?rest_route=%2Fwp%2Fv2%2Fcomments&post=66341"}],"version-history":[{"count":2,"href":"https:\/\/psicologiadeapie.es\/index.php?rest_route=\/wp\/v2\/pages\/66341\/revisions"}],"predecessor-version":[{"id":66345,"href":"https:\/\/psicologiadeapie.es\/index.php?rest_route=\/wp\/v2\/pages\/66341\/revisions\/66345"}],"wp:attachment":[{"href":"https:\/\/psicologiadeapie.es\/index.php?rest_route=%2Fwp%2Fv2%2Fmedia&parent=66341"}],"curies":[{"name":"wp","href":"https:\/\/api.w.org\/{rel}","templated":true}]}}